+ 7242 = 21*o. What is the thousands digit of i?
3
Let v = 21 - -190. Suppose -22*k + 13463 = -6711. Suppose -k = -4*u + v. What is the units digit of u?
2
Let g be (4/(-8))/(1/(-18)). Suppose -8*c + 2652 = g*c. What is the tens digit of c?
5
Let u = -11969 - -21362. What is the units digit of u?
3
Let q be (21/63)/(2/(-36)). Let b(u) = -62*u - 26. What is the units digit of b(q)?
6
Let k(x) = -2*x**3 - 6*x**2 - x + 23. Suppose -5*m = -4*m + 6. What is the tens digit of k(m)?
4
What is the units digit of (3/2)/(-1)*(-282580)/6?
5
Let q = -141 + 123. What is the tens digit of (-7834)/q - (-10)/(-45)?
3
Let q = -52 - -46. Let u be 430/q + 14/(-42). What is the tens digit of (u/7)/(-4)*21?
5
Let a be 11/4 - (5 + (-84)/16). Suppose 2*l + 3*c + 2*c + 5 = 0, -a*c - 4 = l. Suppose -655 = -l*x - 3*n + 4*n, 2*n - 380 = -3*x. What is the tens digit of x?
3
Suppose -651 = -8*q - 107. What is the units digit of q/16 + -4 + (-3790)/(-8)?
4
Suppose 19*p + 3*p = 17336. Suppose -8 = -2*w, -d - 2*w - 3*w = -p. What is the tens digit of d?
6
Let v be 2/24*2 + (-17)/(-6). Let q be (1 + -2)*(-292 + v). Suppose 31 = -2*t + q. What is the units digit of t?
9
Let f = 31 - 27. Suppose 0 = 13*r - 8*r + 20. What is the units digit of (99/f)/(4/(-64)*r)?
9
Let n(c) = -c + 7. Let d be n(4). Suppose -2*r = 4*y + 10, r = 4*r + d*y. Suppose -5*b + r = -80. What is the units digit of b?
7
Let s = -9483 - -14470. What is the thousands digit of s?
4
Suppose -3*a + 35 = 5*r, -19 - 5 = -r - 4*a. Suppose r*u - u - 24 = 0. Suppose -5*d - 3*o = -285, -u*o - 250 = -4*d - 6*o. What is the tens digit of d?
6
Suppose 3*p = 0, 0 = 5*o - 2*p - 5 - 10. Suppose r + 32 = -o*i, 5*r + 96 = -0*i + i. Let f = 139 - r. What is the tens digit of f?
5
Suppose 16*a - 140 = 6*a. Suppose -10 = -5*m - d - 4, 3*m + a = -5*d. Suppose -2*l = -2*t - 184, -4*t - 34 = m*l - 206. What is the units digit of l?
0
Suppose 123*q - 42 = 129*q. What is the tens digit of q + 2 + -3 + 272?
6
Suppose -14*v = -112571 - 106683. What is the ten thousands digit of v?
1
Let r(x) = x**3 - x**2 + 2*x + 3. Let w = 89 + -84. Let h be r(w). Let b = h + 89. What is the tens digit of b?
0
Let g = 20151 - 5012. What is the hundreds digit of g?
1
What is the hundreds digit of 9*4/6*6824/(-40)*-10?
2
Let b(p) = -8*p**3 + 15*p**2 + 57*p - 164. What is the tens digit of b(-17)?
0
Let d be -51958*((-25)/(-10))/(-5). Suppose 29*x = 13838 + d. What is the units digit of x?
3
Suppose -259*z = -258*z + 4*y - 28035, 0 = -5*y + 10. What is the tens digit of z?
2
Let j be (-16)/(-3) + (-15)/45. Suppose -2*c = 5*v - 307, 140 = j*c + 5*v - 620. What is the tens digit of c?
5
Let f(g) = 63*g - 32. Let o(p) = 129*p - 62. Let k(m) = 13*f(m) - 6*o(m). What is the units digit of k(6)?
6
Let p be 6/1 - (2 + 0 + -5). Suppose 0 = p*z - 103 - 1553. Let x = 384 - z. What is the tens digit of x?
0
Let r(m) = 1062*m**2 - 173*m + 5. What is the thousands digit of r(3)?
9
Suppose 5*j - 2025 = 4*q + q, 3*j = 6. What is the tens digit of 125/3 + -11 + q/(-39)?
4
Let r(s) = 209*s**2 - 47*s + 77. What is the thousands digit of r(12)?
9
Let p be ((-92)/6)/((7 + -6)/(-3)). Suppose -3*r - p = -22. What is the hundreds digit of ((-1614)/r - (-7)/28) + 3?
2
Let j = 20063 + -10554. What is the hundreds digit of j?
5
Suppose 0 = 5*n - 5*a + 20, n + 3*a - 4 = 2*a. Suppose -5*y + 155 + 565 = n. What is the hundreds digit of y?
1
Let a = -4813 + 7981. What is the hundreds digit of a?
1
Let p = 43 + -40. Suppose -1 = 5*h - h - p*k, 5*k - 13 = h. Suppose -97 = -2*y + 3*i, h*y + 2*y = 4*i + 188. What is the units digit of y?
4
Suppose 8 = -d + 10. Suppose -5*q + 853 = -3*n, -4*q - d*n = -9*q + 857. Suppose 31 = 12*j - q. What is the tens digit of j?
1
Suppose 4*j + 11 = 5*z, 3*j = -5*z + 10 + 8. Suppose -11 = -5*i + 4*a, 14 = 2*i + z*i - a. Suppose 0 = 2*v + i*v - 450. What is the units digit of v?
0
Suppose 6918*m = 6944*m - 212992. What is the hundreds digit of m?
1
Let o = -5132 - -16489. What is the thousands digit of o?
1
Suppose -y - 6492 = -3*y - 2*h, 0 = 7*y + h - 22692. What is the hundreds digit of y?
2
Let d be 4 + (4 - 3) + 0. Suppose d*z - 18 = -3*w, -w + 11 = 4*z + 5. What is the tens digit of (-3)/w - 37/(-2)?
1
Let f be ((-5)/(-30)*0)/(1 - 0). Suppose 0 = -5*h + 84 + 1. Suppose f*s - h = -s. What is the tens digit of s?
1
Let t(q) = -5*q - 12. Let p be t(-4). Let f be p/(-44) + ((-184)/11)/(-4). What is the tens digit of (-3 - -7)*94/f?
9
Let v = 86635 - 24263. What is the units digit of v?
2
Let m(n) = -n**2 - 12*n + 3. Let k be m(-10). Suppose -k*l + 3376 = -15*l. What is the tens digit of l?
2
Let d(g) = -3258*g + 87. What is the thousands digit of d(-2)?
6
Let r be (-2)/(-3) + (-13)/(273/(-28)). Suppose 3*g + 2883 = -3*k + 6*k, 0 = -k + r*g + 959. What is the units digit of k?
3
Let b(y) be the second derivative of y**5/5 - y**4/6 + y**3/3 + y**2 - 10*y. Let d be b(3). Let o = d - -67. What is the tens digit of o?
6
Suppose 9900 = 2*b + 2*b. Suppose -964 = -12*p - 820. Suppose -c - b = -p*c. What is the hundreds digit of c?
2
Suppose -18*d + 24 = -12*d. What is the units digit of 50 + (-4 - (d + -13))?
5
Suppose -412*d + 213*d + 9439366 = 0. What is the thousands digit of d?
7
Let b(v) = 3*v**2 - 99*v - 1361. What is the thousands digit of b(-17)?
1
Let j(l) = 864*l + 18 - 821*l - l**2 - l**3 - 6*l**2. What is the units digit of j(-12)?
2
What is the thousands digit of -8 + ((-2 - -8) + -13)*-490*9?
0
Let f be 1*50/(7 + -2). Suppose -f*p - 5874 = -21*p. What is the units digit of p?
4
Let i be (-8)/6*15/20. Let n = 1 - 9. What is the tens digit of (38/i)/(n - -7)?
3
Let k(c) = -1693*c + 76. What is the hundreds digit of k(-18)?
5
Let v be ((-48)/2)/((-172)/2322). Suppose 2*s - 310 = -4*r, -2*s - 99*r + 102*r = -v. What is the units digit of s?
9
Suppose -6*h - h = -3094. Suppose -x + 466 = 2*n, 3*n - 4*x = 246 + h. Suppose 464 = 4*i - n. What is the hundreds digit of i?
1
What is the hundreds digit of 5/((-25)/10)*5/(-2) + 89431?
4
Let s be (-2)/(-6) - (2177/(-21) - 7). Suppose s = 4*h - 5*x, -15 = -h - 2*x + 3. What is the tens digit of h?
2
Let h be (612/(-8))/(1/22). Let y = h - -2754. What is the tens digit of y/12 + 9/12?
9
Let d(a) = 233*a**2 + 122*a + 689. What is the hundreds digit of d(-6)?
3
Let y = -2 - -4. Suppose -3*h = -5*p + 2 + 1, 8 = y*h. What is the units digit of (p/(-2))/((-6)/8)?
2
Let v(a) be the second derivative of 123*a**4/2 - a**3/3 - 3*a**2/2 + 6*a. What is the hundreds digit of v(-1)?
7
Let f = -6556 + 12656. What is the hundreds digit of f?
1
Let t be 2 + (2 - 1/1)*1. Suppose -t*b = 2*d - 1451, 5*d - 3614 = -11*b + 8*b. What is the units digit of d?
1
Suppose -13 + 37 = 6*z. Suppose n - z*v - 322 = -8*v, -2*n + 4*v + 668 = 0. What is the hundreds digit of n?
3
Let j = -2204 + 1358. Let k = j + 1389. What is the tens digit of k?
4
Let q(g) = 16 + 318 + 14*g - 4*g + 4*g. What is the units digit of q(0)?
4
Let o be (7/21)/(((-28)/60)/(-7)). Suppose -p + 1325 = o*n, 5*n + 4*p - 706 = 634. What is the hundreds digit of n?
2
Suppose 0 = 18*c - 472 + 94. Suppose 13*b = c*b - 11016. What is the thousands digit of b?
1
Suppose -4*k + 71 + 149 = 0. Suppose -1223 = -4*a - 0*a - n, 2*n = -3*a + 921. Suppose -2*d + k + a = 5*l, 216 = 3*l + d. What is the units digit of l?
2
Suppose 2*m = -4*w - 20, -4*w - w = 4*m + 25. Suppose 5*b + m*l + l - 4851 = 0, 2*b - 1938 = 2*l. What is the tens digit of b?
7
Suppose 3*u = -o + 9037, 0 = o - u + 6*u - 9039. What is the units digit of o?
4
What is the units digit of (68/(-255)*1614/4)/((-8)/340)?
3
Suppose -5*b + 4*r - 3245 = -24277, 18*r - 8452 = -2*b. What is the hundreds digit of b?
2
Let t = -9803 - -14079. What is the hundreds digit of t?
2
Let o = -92804 + 134775. What is the ten thousands digit of o?
4
Let y(t) = 134*t**2 + 24*t + 5. What is the hundreds digit of y(6)?
9
Let s(b) = b**3 + 4*b**2 - 18*b - 63. Let u be s(-4). Suppose -4*w + 719 = 5*j, 0 = -5*j - 3*w + u + 709. What is the hundreds digit of j?
1
Let t(z) = -21*z + 93. Let j be (45/(-10) + 5)/((-2)/68). What is the units digit of t(j)?
0
Let f(u) = 2*u - 9. Let x be f(7). Let p be -6*(21/(-9) + 2) + 27. Suppose 350 = 5*a + x*n, -2*n - 219 + p = -3*a. What is the units digit of a?
6
Suppose 40 = w + h + 332, -5*w = -2*h + 14